{"id":10,"date":"2015-03-08T19:17:33","date_gmt":"2015-03-08T18:17:33","guid":{"rendered":"http:\/\/corno.de\/oster\/?page_id=10"},"modified":"2022-02-12T09:03:35","modified_gmt":"2022-02-12T08:03:35","slug":"fotos-und-teilnehmerlisten","status":"publish","type":"page","link":"https:\/\/robert-ostermeyer.de\/?page_id=10","title":{"rendered":"Fotos"},"content":{"rendered":"\n<p>Ich begr\u00fc\u00dfe euch bei den Fotos aus dem Kloster Michaelstein. Leider sind meine Aufnahmen zum Teil sehr wackelig und nicht die sch\u00f6nsten.<br \/>Es fehlen mir ganze Jahrg\u00e4nge, &#8230; warum wohl?? Darum sollen diese Fotoalben nicht der letzte Schlusspunkt sein.<br \/>Es w\u00fcrde mich sehr freuen, wenn ihr&nbsp; Fotos f\u00fcr diese Seiten geben k\u00f6nntet, um meine Erinnerungsl\u00fccken zu schliessen.<\/p>\n\n\n\n<p>Euer Robert Ostermeyer<\/p>\n\n\n\n<p>***<br \/>Dank Frau Uta Talke von der Bibliothek des Klosters Michaelstein konnte ich aus dem Archiv einige Fotosch\u00e4tze ausgraben. Dies betrifft die Jahrg\u00e4nge 1958 &#8211; 1989.<br \/>Herzlichen Dank daf\u00fcr.<br \/>*********<br \/>Frau Petra Voigt nebst Gatten Peter haben gespendet &#8211; Bilder vom Jahr 1973 + Winterkurs!!! 1973, 1978 und 1979 + Winterkurs.&nbsp; Vielen Dank! Gro\u00dfe Klasse!<\/p>\n\n<div class=\"twitter-share\"><a href=\"https:\/\/twitter.com\/intent\/tweet?via=corno_de\" class=\"twitter-share-button external\" rel=\"nofollow\" target=\"_blank\">Twittern<\/a><\/div>\n","protected":false},"excerpt":{"rendered":"<p>Ich begr\u00fc\u00dfe euch bei den Fotos aus dem Kloster Michaelstein. Leider sind meine Aufnahmen zum Teil sehr wackelig und nicht die sch\u00f6nsten.Es fehlen mir ganze Jahrg\u00e4nge, &#8230; warum wohl?? Darum sollen diese Fotoalben nicht der letzte Schlusspunkt sein.Es w\u00fcrde mich sehr freuen, wenn ihr&nbsp; Fotos f\u00fcr diese Seiten geben k\u00f6nntet, um meine Erinnerungsl\u00fccken zu schliessen. &hellip;<\/p>\n<p class=\"read-more\"> <a class=\"\" href=\"https:\/\/robert-ostermeyer.de\/?page_id=10\"> <span class=\"screen-reader-text\">Fotos<\/span> Weiterlesen &raquo;<\/a><\/p>\n","protected":false},"author":1,"featured_media":0,"parent":4,"menu_order":0,"comment_status":"closed","ping_status":"open","template":"","meta":{"site-sidebar-layout":"default","site-content-layout":"default","ast-global-header-display":"","ast-main-header-display":"","ast-hfb-above-header-display":"","ast-hfb-below-header-display":"","ast-hfb-mobile-header-display":"","site-post-title":"","ast-breadcrumbs-content":"","ast-featured-img":"","footer-sml-layout":"","theme-transparent-header-meta":"","adv-header-id-meta":"","stick-header-meta":"","header-above-stick-meta":"","header-main-stick-meta":"","header-below-stick-meta":"","ngg_post_thumbnail":0,"pgc_sgb_lightbox_settings":""},"wppr_data":{"cwp_meta_box_check":"No"},"_links":{"self":[{"href":"https:\/\/robert-ostermeyer.de\/index.php?rest_route=\/wp\/v2\/pages\/10"}],"collection":[{"href":"https:\/\/robert-ostermeyer.de\/index.php?rest_route=\/wp\/v2\/pages"}],"about":[{"href":"https:\/\/robert-ostermeyer.de\/index.php?rest_route=\/wp\/v2\/types\/page"}],"author":[{"embeddable":true,"href":"https:\/\/robert-ostermeyer.de\/index.php?rest_route=\/wp\/v2\/users\/1"}],"replies":[{"embeddable":true,"href":"https:\/\/robert-ostermeyer.de\/index.php?rest_route=%2Fwp%2Fv2%2Fcomments&post=10"}],"version-history":[{"count":4,"href":"https:\/\/robert-ostermeyer.de\/index.php?rest_route=\/wp\/v2\/pages\/10\/revisions"}],"predecessor-version":[{"id":6104,"href":"https:\/\/robert-ostermeyer.de\/index.php?rest_route=\/wp\/v2\/pages\/10\/revisions\/6104"}],"up":[{"embeddable":true,"href":"https:\/\/robert-ostermeyer.de\/index.php?rest_route=\/wp\/v2\/pages\/4"}],"wp:attachment":[{"href":"https:\/\/robert-ostermeyer.de\/index.php?rest_route=%2Fwp%2Fv2%2Fmedia&parent=10"}],"curies":[{"name":"wp","href":"https:\/\/api.w.org\/{rel}","templated":true}]}}