{"id":1193,"date":"2015-03-20T11:49:18","date_gmt":"2015-03-20T10:49:18","guid":{"rendered":"http:\/\/corno.de\/oster\/?page_id=1193"},"modified":"2015-03-20T12:00:34","modified_gmt":"2015-03-20T11:00:34","slug":"1994-35-sommerkurs-2","status":"publish","type":"page","link":"https:\/\/robert-ostermeyer.de\/?page_id=1193","title":{"rendered":"1994 &#8211; 31. Winterkurs"},"content":{"rendered":"<p>31. Winterkurs 1994\u00a0 27.12. &#8211; 30.12. 1994<\/p>\n<p>Violine<br \/>\nAmrei Gro\u00dfe<br \/>\nRalph-Raymund Krause<br \/>\nEva R\u00f6nicke<br \/>\nBianca Nassauer<br \/>\nDennis Hansel<br \/>\nClaudia Sch\u00e4fer<br \/>\nUlrich Melzer<br \/>\nWolfgang Winkler<br \/>\nNadine Blumenstein<br \/>\nSusanne R\u00fcmpler<br \/>\nJulia Klana<br \/>\nKatja M\u00f6hlhenrich<\/p>\n<p>Viola<br \/>\nMichael Winkler<\/p>\n<p>Kontrabass<br \/>\nCarsten Hundt<\/p>\n<p>Cembalo<br \/>\nEmanuele Sgherri<br \/>\nCornelia Seidel<\/p>\n<p>Fl\u00f6te<br \/>\nMathias Kiesling<br \/>\nKatja Schneider<\/p>\n<p>Oboe<br \/>\nGunter Brauer<br \/>\nBernd Schober<\/p>\n<p>Fagott<br \/>\nChristoph Knitt<\/p>\n<p>Horn<br \/>\nAndreas B\u00f6hlke<br \/>\nRobert Ostermeyer<\/p>\n<p>Posaune<br \/>\nSteffen Wendlik<\/p>\n<p>Pauke<br \/>\nMarcel Richter<\/p>\n\n<div class=\"twitter-share\"><a href=\"https:\/\/twitter.com\/intent\/tweet?via=corno_de\" class=\"twitter-share-button external\" rel=\"nofollow\" target=\"_blank\">Twittern<\/a><\/div>\n","protected":false},"excerpt":{"rendered":"<p>31. Winterkurs 1994\u00a0 27.12. &#8211; 30.12. 1994 Violine Amrei Gro\u00dfe Ralph-Raymund Krause Eva R\u00f6nicke Bianca Nassauer Dennis Hansel Claudia Sch\u00e4fer Ulrich Melzer Wolfgang Winkler Nadine Blumenstein Susanne R\u00fcmpler Julia Klana Katja M\u00f6hlhenrich Viola Michael Winkler Kontrabass Carsten Hundt Cembalo Emanuele Sgherri Cornelia Seidel Fl\u00f6te Mathias Kiesling Katja Schneider Oboe Gunter Brauer Bernd Schober Fagott Christoph &hellip;<\/p>\n<p class=\"read-more\"> <a class=\"\" href=\"https:\/\/robert-ostermeyer.de\/?page_id=1193\"> <span class=\"screen-reader-text\">1994 &#8211; 31. Winterkurs<\/span> Weiterlesen &raquo;<\/a><\/p>\n","protected":false},"author":1,"featured_media":0,"parent":15,"menu_order":10,"comment_status":"open","ping_status":"open","template":"","meta":{"site-sidebar-layout":"default","site-content-layout":"default","ast-global-header-display":"","ast-main-header-display":"","ast-hfb-above-header-display":"","ast-hfb-below-header-display":"","ast-hfb-mobile-header-display":"","site-post-title":"","ast-breadcrumbs-content":"","ast-featured-img":"","footer-sml-layout":"","theme-transparent-header-meta":"","adv-header-id-meta":"","stick-header-meta":"","header-above-stick-meta":"","header-main-stick-meta":"","header-below-stick-meta":"","ngg_post_thumbnail":0,"pgc_sgb_lightbox_settings":""},"wppr_data":[],"_links":{"self":[{"href":"https:\/\/robert-ostermeyer.de\/index.php?rest_route=\/wp\/v2\/pages\/1193"}],"collection":[{"href":"https:\/\/robert-ostermeyer.de\/index.php?rest_route=\/wp\/v2\/pages"}],"about":[{"href":"https:\/\/robert-ostermeyer.de\/index.php?rest_route=\/wp\/v2\/types\/page"}],"author":[{"embeddable":true,"href":"https:\/\/robert-ostermeyer.de\/index.php?rest_route=\/wp\/v2\/users\/1"}],"replies":[{"embeddable":true,"href":"https:\/\/robert-ostermeyer.de\/index.php?rest_route=%2Fwp%2Fv2%2Fcomments&post=1193"}],"version-history":[{"count":3,"href":"https:\/\/robert-ostermeyer.de\/index.php?rest_route=\/wp\/v2\/pages\/1193\/revisions"}],"predecessor-version":[{"id":1196,"href":"https:\/\/robert-ostermeyer.de\/index.php?rest_route=\/wp\/v2\/pages\/1193\/revisions\/1196"}],"up":[{"embeddable":true,"href":"https:\/\/robert-ostermeyer.de\/index.php?rest_route=\/wp\/v2\/pages\/15"}],"wp:attachment":[{"href":"https:\/\/robert-ostermeyer.de\/index.php?rest_route=%2Fwp%2Fv2%2Fmedia&parent=1193"}],"curies":[{"name":"wp","href":"https:\/\/api.w.org\/{rel}","templated":true}]}}