{"id":1197,"date":"2015-03-20T12:03:23","date_gmt":"2015-03-20T11:03:23","guid":{"rendered":"http:\/\/corno.de\/oster\/?page_id=1197"},"modified":"2015-03-20T12:03:23","modified_gmt":"2015-03-20T11:03:23","slug":"1995-36-sommerkurs","status":"publish","type":"page","link":"https:\/\/robert-ostermeyer.de\/?page_id=1197","title":{"rendered":"1995 &#8211; 36. Sommerkurs"},"content":{"rendered":"<p>36.Sommerkurs 1995<\/p>\n<p>Abel ,Dorit &#8211; Cello<br \/>\nBarnkoth, Sven &#8211; Trompete<br \/>\nBernhard, Alexander &#8211; Trompete<br \/>\nBrauer, Gunter &#8211; Oboe<br \/>\nBreiter, Andrea &#8211; Horn<br \/>\nEckardt, Maria &#8211; Violine<br \/>\nErdmann, Stefanie &#8211; Fagott<br \/>\nFriedrich, Gesine &#8211; Violoncello<br \/>\nGayer, Klaus &#8211; Horn<br \/>\nG\u00f6ckeritz, Susan &#8211; Klarinette<br \/>\nGoede, Albrecht &#8211; Ba\u00df<br \/>\nGro\u00dfe, Amrai &#8211; Violine<br \/>\nHundt. Carsten &#8211; Ba\u00df<br \/>\nKeller, Katja &#8211; Fl\u00f6te<br \/>\nKiedrowski, Adrian &#8211; Cello<br \/>\nKiesling, Mathias &#8211; Fl\u00f6te<br \/>\nKnitt, Christoph &#8211; Fagott<br \/>\nKuhlmann, Claudia &#8211; Cello<br \/>\nMeyer, Carsten &#8211; Posaune<br \/>\nM\u00f6hlhenrich, Katja &#8211; Violine<br \/>\nM\u00fcller, Andrea &#8211; Oboe<br \/>\nNagy, Romy &#8211; Cello<br \/>\nOstermeyer, Robert &#8211; Horn<br \/>\nRichter. Marcel &#8211; Pauken<br \/>\nRiehl, Susanne &#8211; Violine<br \/>\nR\u00fcmpler, Susanne &#8211; Violine<br \/>\nSch\u00e4fer, Claudia &#8211; Violine<br \/>\nSchenck, Volker &#8211; Horn<br \/>\nSchneider, Katja &#8211; Fl\u00f6te<br \/>\nSchober, Bernd &#8211; Oboe<br \/>\nSchwarz, Anne-Christin &#8211;<br \/>\nSeidel, Cornelia &#8211; Cembalo<br \/>\nSeidenberg, Dawid &#8211; Posaune<br \/>\nStandke, Matthias &#8211; Horn<br \/>\nUhlemann, Yvonne &#8211; Viola<br \/>\nWarnecke, Ulrike &#8211; Klarinette<br \/>\nWendlik, Steffen &#8211; Posaune<br \/>\nWinkler, Michael &#8211; Viola<br \/>\nW\u00fclfrath, Kathrin &#8211; Horn<br \/>\nZeller, Franziska &#8211; Cello<br \/>\nZeller, Johannes &#8211; Cello<br \/>\nZempel, Sandra &#8211; Violine<\/p>\n<p>Arnaudova, Roussalina &#8211; Violine<br \/>\nAssenova, Nevelina &#8211; Violine<br \/>\nBesler, Izabela &#8211; Oboe<br \/>\nHonigov\u00e1, Alena &#8211; Violine<br \/>\nIvanova, Galina &#8211; Violine<br \/>\nMitas, Karel &#8211; violine<br \/>\nOlivov\u00e1, Klara &#8211; Fl\u00f6te<br \/>\nOlivov\u00e1, Petra &#8211; Violine<br \/>\nPavkov\u00e1, Martina &#8211;<br \/>\nPolivka, Vaclav &#8211; Violine<br \/>\nSlechta, David<br \/>\nSowa, Klaudiusz &#8211; Oboe<br \/>\nTesarova, Michaela &#8211; Viola<br \/>\nToptschiev, Dejan &#8211; Fagott<br \/>\nValta, Jan &#8211; Violine<br \/>\nValtov\u00e1, Eva &#8211; Violine<br \/>\nWachsmannova, Vera &#8211; Cembalo<\/p>\n<p>Das Dozentenlager:<br \/>\nAndreas B\u00f6hlke &#8211; Horn<br \/>\nRaitscho Christov &#8211; Ensemble<br \/>\nHinnes Goudschaal &#8211; Cello<br \/>\nEckhard Kiesling &#8211; Violine<br \/>\nJohannes Reiche &#8211; Ensemble+Klarinette<br \/>\nProf. Gernot Schulz &#8211; Dirigat + Pauken<br \/>\nProf. Rudolf Zelenka &#8211; Cembalo<\/p>\n\n<div class=\"twitter-share\"><a href=\"https:\/\/twitter.com\/intent\/tweet?via=corno_de\" class=\"twitter-share-button external\" rel=\"nofollow\" target=\"_blank\">Twittern<\/a><\/div>\n","protected":false},"excerpt":{"rendered":"<p>36.Sommerkurs 1995 Abel ,Dorit &#8211; Cello Barnkoth, Sven &#8211; Trompete Bernhard, Alexander &#8211; Trompete Brauer, Gunter &#8211; Oboe Breiter, Andrea &#8211; Horn Eckardt, Maria &#8211; Violine Erdmann, Stefanie &#8211; Fagott Friedrich, Gesine &#8211; Violoncello Gayer, Klaus &#8211; Horn G\u00f6ckeritz, Susan &#8211; Klarinette Goede, Albrecht &#8211; Ba\u00df Gro\u00dfe, Amrai &#8211; Violine Hundt. Carsten &#8211; Ba\u00df Keller, &hellip;<\/p>\n<p class=\"read-more\"> <a class=\"\" href=\"https:\/\/robert-ostermeyer.de\/?page_id=1197\"> <span class=\"screen-reader-text\">1995 &#8211; 36. Sommerkurs<\/span> Weiterlesen &raquo;<\/a><\/p>\n","protected":false},"author":1,"featured_media":0,"parent":15,"menu_order":11,"comment_status":"open","ping_status":"open","template":"","meta":{"site-sidebar-layout":"default","site-content-layout":"default","ast-global-header-display":"","ast-main-header-display":"","ast-hfb-above-header-display":"","ast-hfb-below-header-display":"","ast-hfb-mobile-header-display":"","site-post-title":"","ast-breadcrumbs-content":"","ast-featured-img":"","footer-sml-layout":"","theme-transparent-header-meta":"","adv-header-id-meta":"","stick-header-meta":"","header-above-stick-meta":"","header-main-stick-meta":"","header-below-stick-meta":"","ngg_post_thumbnail":0,"pgc_sgb_lightbox_settings":""},"wppr_data":[],"_links":{"self":[{"href":"https:\/\/robert-ostermeyer.de\/index.php?rest_route=\/wp\/v2\/pages\/1197"}],"collection":[{"href":"https:\/\/robert-ostermeyer.de\/index.php?rest_route=\/wp\/v2\/pages"}],"about":[{"href":"https:\/\/robert-ostermeyer.de\/index.php?rest_route=\/wp\/v2\/types\/page"}],"author":[{"embeddable":true,"href":"https:\/\/robert-ostermeyer.de\/index.php?rest_route=\/wp\/v2\/users\/1"}],"replies":[{"embeddable":true,"href":"https:\/\/robert-ostermeyer.de\/index.php?rest_route=%2Fwp%2Fv2%2Fcomments&post=1197"}],"version-history":[{"count":1,"href":"https:\/\/robert-ostermeyer.de\/index.php?rest_route=\/wp\/v2\/pages\/1197\/revisions"}],"predecessor-version":[{"id":1198,"href":"https:\/\/robert-ostermeyer.de\/index.php?rest_route=\/wp\/v2\/pages\/1197\/revisions\/1198"}],"up":[{"embeddable":true,"href":"https:\/\/robert-ostermeyer.de\/index.php?rest_route=\/wp\/v2\/pages\/15"}],"wp:attachment":[{"href":"https:\/\/robert-ostermeyer.de\/index.php?rest_route=%2Fwp%2Fv2%2Fmedia&parent=1197"}],"curies":[{"name":"wp","href":"https:\/\/api.w.org\/{rel}","templated":true}]}}