{"id":1207,"date":"2015-03-20T12:27:57","date_gmt":"2015-03-20T11:27:57","guid":{"rendered":"http:\/\/corno.de\/oster\/?page_id=1207"},"modified":"2015-03-20T12:27:57","modified_gmt":"2015-03-20T11:27:57","slug":"1998-39-sommerkurs","status":"publish","type":"page","link":"https:\/\/robert-ostermeyer.de\/?page_id=1207","title":{"rendered":"1998 &#8211; 39. Sommerkurs"},"content":{"rendered":"<p>39. Internationaler Sommerkurs Junger Instrumentalisten vom 3. &#8211; 16.8.1998<\/p>\n<p>Violinen<br \/>\nUlrike Bassenge<br \/>\nSusanne Hill<br \/>\nAtanas Kastadinov<br \/>\nRadenko Kostadinov<br \/>\nElisabeth Lattorf<br \/>\nKarel Mitas<br \/>\nJulia Schastok<br \/>\nJuliane Spretke<br \/>\nJitka Vanov\u00e4<\/p>\n<p>Viola<br \/>\nNadia Lazarova<br \/>\nAngela Scharipova<br \/>\nMichaela Teserova<\/p>\n<p>Violoncello<br \/>\nMiuloslava Hamatova<br \/>\nKaren H\u00f6che<br \/>\nJan Kavan<br \/>\nSebastian Kr\u00fcckl<br \/>\nDavid Matousek<br \/>\nJitka Raisrov\u00e4<br \/>\nBettina Schaffrin<\/p>\n<p>Kontraba\u00df<br \/>\nLisa Hertzsch<\/p>\n<p>Fl\u00f6te<br \/>\nDaniel Haupt<br \/>\nMathias Kiesling<br \/>\nAgnes Sch\u00e4fer<\/p>\n<p>Oboe<br \/>\nFlorian Grube<br \/>\nAntje Rodenstein<\/p>\n<p>Klarinette<br \/>\nHolger Holdgr\u00fcn<br \/>\nBarbara K\u00f6th<br \/>\nHeike Leithold<br \/>\nVenelin Piperov<\/p>\n<p>Fagott<br \/>\nChristoph Knitt<br \/>\nBettina Ziesche<\/p>\n<p>Trompete<br \/>\nKrassimir Jossifow<br \/>\nFrank Tschakert<\/p>\n<p>Horn<\/p>\n<p>Vladimir Kanativev<\/p>\n<p>Posaune<br \/>\nSteffen Wendlik<\/p>\n<p>Pauke<br \/>\nMarcel Richter<\/p>\n<p>Cembalo<br \/>\nMarta Davidova<br \/>\nJana Krodvova<br \/>\nStanislava Stoytcheva<\/p>\n\n<div class=\"twitter-share\"><a href=\"https:\/\/twitter.com\/intent\/tweet?via=corno_de\" class=\"twitter-share-button external\" rel=\"nofollow\" target=\"_blank\">Twittern<\/a><\/div>\n","protected":false},"excerpt":{"rendered":"<p>39. Internationaler Sommerkurs Junger Instrumentalisten vom 3. &#8211; 16.8.1998 Violinen Ulrike Bassenge Susanne Hill Atanas Kastadinov Radenko Kostadinov Elisabeth Lattorf Karel Mitas Julia Schastok Juliane Spretke Jitka Vanov\u00e4 Viola Nadia Lazarova Angela Scharipova Michaela Teserova Violoncello Miuloslava Hamatova Karen H\u00f6che Jan Kavan Sebastian Kr\u00fcckl David Matousek Jitka Raisrov\u00e4 Bettina Schaffrin Kontraba\u00df Lisa Hertzsch Fl\u00f6te Daniel &hellip;<\/p>\n<p class=\"read-more\"> <a class=\"\" href=\"https:\/\/robert-ostermeyer.de\/?page_id=1207\"> <span class=\"screen-reader-text\">1998 &#8211; 39. Sommerkurs<\/span> Weiterlesen &raquo;<\/a><\/p>\n","protected":false},"author":1,"featured_media":0,"parent":15,"menu_order":17,"comment_status":"open","ping_status":"open","template":"","meta":{"site-sidebar-layout":"default","site-content-layout":"default","ast-global-header-display":"","ast-main-header-display":"","ast-hfb-above-header-display":"","ast-hfb-below-header-display":"","ast-hfb-mobile-header-display":"","site-post-title":"","ast-breadcrumbs-content":"","ast-featured-img":"","footer-sml-layout":"","theme-transparent-header-meta":"","adv-header-id-meta":"","stick-header-meta":"","header-above-stick-meta":"","header-main-stick-meta":"","header-below-stick-meta":"","ngg_post_thumbnail":0,"pgc_sgb_lightbox_settings":""},"wppr_data":[],"_links":{"self":[{"href":"https:\/\/robert-ostermeyer.de\/index.php?rest_route=\/wp\/v2\/pages\/1207"}],"collection":[{"href":"https:\/\/robert-ostermeyer.de\/index.php?rest_route=\/wp\/v2\/pages"}],"about":[{"href":"https:\/\/robert-ostermeyer.de\/index.php?rest_route=\/wp\/v2\/types\/page"}],"author":[{"embeddable":true,"href":"https:\/\/robert-ostermeyer.de\/index.php?rest_route=\/wp\/v2\/users\/1"}],"replies":[{"embeddable":true,"href":"https:\/\/robert-ostermeyer.de\/index.php?rest_route=%2Fwp%2Fv2%2Fcomments&post=1207"}],"version-history":[{"count":1,"href":"https:\/\/robert-ostermeyer.de\/index.php?rest_route=\/wp\/v2\/pages\/1207\/revisions"}],"predecessor-version":[{"id":1208,"href":"https:\/\/robert-ostermeyer.de\/index.php?rest_route=\/wp\/v2\/pages\/1207\/revisions\/1208"}],"up":[{"embeddable":true,"href":"https:\/\/robert-ostermeyer.de\/index.php?rest_route=\/wp\/v2\/pages\/15"}],"wp:attachment":[{"href":"https:\/\/robert-ostermeyer.de\/index.php?rest_route=%2Fwp%2Fv2%2Fmedia&parent=1207"}],"curies":[{"name":"wp","href":"https:\/\/api.w.org\/{rel}","templated":true}]}}